)/d + 1/3 composite?
False
Let l be (-613)/(-2) - (-21)/14. Suppose l + 119 = j. Let a = -192 + j. Is a prime?
False
Let d be 6 + (-24)/(-20)*15/(-6). Suppose d*x - 100 = s, -2*s + s = 3*x - 110. Is x prime?
False
Let s(w) = 391*w**2 + 10*w + 2. Is s(-3) composite?
False
Suppose 5*w + 2*d - 24 = 0, 4 - 14 = -w - 3*d. Suppose 7*l - 2*l + 35 = 5*f, -w*l = f - 32. Is (-2)/f - 1718/(-12) composite?
True
Let b(a) = 869*a - 154. Is b(15) prime?
False
Let i be (-40)/(-6)*158862/145. Let z = i + -4909. Is z prime?
False
Suppose -5*g - 5*z - 2 = -17, -2*g = -3*z + 9. Suppose 6*h = -g*h + 4098. Is h a composite number?
False
Suppose -2*u + 4*c = -4*u + 4, 0 = -u + 5*c + 16. Let x be (-1460)/3*u/(-5). Let i = 1843 - x. Is i a composite number?
False
Let w = 43564 - 18802. Suppose -4*t = 2*t - w. Is t a composite number?
False
Let a = 100 - -548. Suppose -4*b + 1258 = -3*z, 0*z = 4*b - 2*z - 1256. Let n = a - b. Is n a prime number?
False
Let t = -1362 - -2993. Suppose 13*m = 20*m - t. Is m prime?
True
Is ((-5)/15 + (-9355)/6)*-10 composite?
True
Let s(b) = -b**2 - 5*b + 5. Let p be s(-5). Suppose 5 = p*y - 4*y. Suppose y*u + 0*u = 4*m + 355, 5*u - 320 = -3*m. Is u prime?
True
Suppose 0 = -4*n + x + 1903, -5*n + 2*x = -0*n - 2378. Let b = -327 + n. Is b composite?
False
Let f = -20 + 17. Let l be 2*115 + -4 + f. Let k = l + -66. Is k a prime number?
True
Is 33343 + -2 + (-30)/(-15) a composite number?
False
Suppose 4*m = -0*m + 4. Let b be (m + 0)*(10 - -261). Suppose -2*f = -319 - b. Is f composite?
True
Suppose 3*s + y - 7070 + 2284 = 0, -4*y - 4811 = -3*s. Let l = s - 1091. Is (1/2)/(1/l) prime?
False
Let a(b) be the first derivative of 3*b**3 + 7*b - 4. Let n be a(5). Is n/6 + 2/6 composite?
True
Let a = 10428 + 27643. Is a prime?
False
Suppose -60 = 3*g + 1239. Let j = 649 + g. Suppose j = 4*o - 236. Is o a prime number?
True
Let l(j) = 3*j**2 + 12*j + 26. Is l(13) composite?
True
Let m be (-897)/(-12) + 6/(-8). Suppose v - 5*a - 82 = -0*a, v + 3*a = m. Is v a prime number?
False
Suppose 0 = 2*j + 5*r - 887, 0 = 5*r - 10 + 35. Let x = 251 + j. Is x prime?
False
Let k(f) = f - 25. Let v be k(21). Let q(z) = -17*z**3 - 7*z**2 + 4*z - 23. Let d(r) = -6*r**3 - 2*r**2 + r - 8. Let j(l) = v*q(l) + 11*d(l). Is j(5) prime?
True
Let o(c) = c**3 + 12*c**2 - 22*c + 29. Is o(12) prime?
True
Suppose 12*o + 414 = 14*o. Suppose 2*i - 47 = o. Is i a prime number?
True
Suppose -10 = 5*a, -p + 5*a + 843 = -99. Suppose 3*z + z = p. Is z composite?
False
Is (-106)/(-4)*7/(-14)*-892 a prime number?
False
Let o = -9586 - -21909. Is o a composite number?
False
Let x(z) = z**2 + 7*z - 11. Let k be x(-9). Suppose 1340 = 4*l + 4*a, k*l = 4*l + 2*a + 1015. Is l a prime number?
True
Suppose 3*u + 530 = 5*z + 5*u, 0 = -z + 5*u + 133. Let r = z - 21. Is r composite?
True
Let y be (-6)/27 + 20/9. Suppose 6*q - 28 = y*q. Is (q + -6)/((-2)/(-92)) prime?
False
Is (-2 - (-55)/4)/(27/6588) a prime number?
False
Suppose -m = 3*m - 20. Is m/20 - 1782/(-8) a composite number?
False
Suppose v + 276 = 667. Is v composite?
True
Let j(k) = 13*k**2 - 6*k - 9. Suppose -3*w - 12 = 0, b + b - w = 12. Suppose -9*x - b = -8*x. Is j(x) a composite number?
False
Suppose 4 + 12 = 4*r. Is (6/4)/(r/7856*6) a composite number?
False
Let i = 3550 - -1355. Is i/12 + 3/12 prime?
True
Suppose -a - 4*c = -5*a + 1248, -2*a + 623 = -3*c. Suppose 240 = -3*x - x. Let r = x + a. Is r a prime number?
False
Let n(h) = -h + 6. Let j be n(3). Suppose -4*k + 3424 = 3*l - 2045, -l = j*k - 1823. Is l prime?
True
Let g(h) = -12430*h - 19. Is g(-2) prime?
True
Suppose -z - 2*u + 6*u = -19, -u - 4 = 0. Let i(x) = -492*x. Let w(d) = 245*d. Let h(k) = 3*i(k) + 7*w(k). Is h(z) composite?
True
Let x be (-180)/(-48) - 1/(-4). Suppose -2*i = -606 + 204. Suppose -x*j + 765 = i. Is j prime?
False
Let z be 2 - 28/(-8)*-14. Let x = z - -109. Is x prime?
False
Let i = 5253 + -2818. Is i prime?
False
Suppose -4*t - 15250 + 5694 = 0. Let g = 4922 + t. Is g a prime number?
False
Is 1/(-3 - -6)*(68420 + 1) a prime number?
True
Suppose 0 = 2*s - 0*s - 8. Suppose 5*l = 4*m - 2135, -5 = 3*l + s. Suppose -2*q + 3*o = -2*o - 212, -m = -5*q + 5*o. Is q a prime number?
False
Suppose -2*i = -4*i + p + 14252, 0 = 4*i + 3*p - 28524. Suppose i - 2338 = 10*f. Is f a composite number?
False
Suppose 8*y = 6*y + 4*q + 19950, -2*q + 19956 = 2*y. Is y prime?
False
Let h(y) = -18*y**3 - 3*y**2 - 3*y + 10. Let p(j) = j**3 - j. Let w(g) = h(g) + 4*p(g). Let o be w(4). Let u = -625 - o. Is u composite?
False
Is (-4)/10*(-14040365)/62 prime?
True
Let a be -2*(2*12/(-8))/2. Suppose -4*z + a*o + 430 = -1203, z = -5*o + 414. Is z a prime number?
True
Let y(v) = 115*v - 16. Is y(5) a prime number?
False
Let b(m) = m**3 - 3*m**2 + m - 1. Let l = -22 - -31. Suppose 3 = 4*q - l. Is b(q) a composite number?
False
Suppose -1649 = -2*h + 13173. Is h prime?
True
Let c be 1/(-3) - 1352/(-6). Suppose -4*u = -0*u + 3*i - 4039, -i = -5. Suppose 5*l + 1215 = 5*n, 5*n - l - u - c = 0. Is n composite?
True
Let y(h) be the third derivative of h**7/336 + h**6/90 - 2*h**5/15 - 3*h**2. Let u(b) be the third derivative of y(b). Is u(9) prime?
False
Let d(k) = 39*k + 8. Let p(h) = -13*h - 3. Let x(f) = -2*d(f) - 7*p(f). Let q be x(-5). Is (-1 - q)/((-2)/(-2)) prime?
True
Suppose 3*f - 2107 = 5*y, 5*y - 6*y = -3*f + 2123. Is f prime?
True
Suppose 3*f + 14 = 4*f. Let g = 322 - 324. Is g - (-3 + f)*-5 a prime number?
True
Let o(s) = 3*s**2 + 5 + 15*s - s**2 + 4 + 7. Is o(15) prime?
True
Suppose 11*v + 32851 = -8*v. Let j = -864 - v. Is j a prime number?
False
Is 1167/(-2 - -5) + 1 + -1 a prime number?
True
Suppose 92*q - 43886 = 90*q. Is q prime?
True
Suppose 143 = 2*w - w. Let q = 214 - w. Is q composite?
False
Let h be (2/(-6))/(2/(-24)). Suppose -6*j + 958 = -h*j. Is j a prime number?
True
Let v = -51 - -62. Is v*(38 + 1 - 2) a prime number?
False
Suppose -5920 = -4*a + 4*q, 5*a + 9*q = 11*q + 7403. Is a composite?
False
Suppose -5*v + 21 = -2*j, 7*j = -v + 4*j - 6. Suppose 1605 = -v*f - 3*p, -3*f - p = 518 + 1097. Let m = -377 - f. Is m composite?
False
Let y = -1210 + 1321. Is y prime?
False
Let d be 8*3*3/(-6). Let i be ((-15)/d)/((-1)/(-4)). Suppose i*w - 114 = 121. Is w a prime number?
True
Suppose 0*w - 40 = -8*w. Suppose 4*r = -w*s + 21619, 4*r - 3*r = 4*s - 17312. Is s a prime number?
True
Suppose -2*y + 13 = -97. Suppose -4*f + 177 = -y. Is f composite?
True
Let m = 5828 + -3061. Is m a prime number?
True
Suppose -4*s - 3*d = -8, 0 = -5*s + 4*d + 1 + 9. Suppose 103 = -s*b - 3*b + v, b + 23 = -v. Is 314/(((-18)/b)/3) composite?
True
Suppose 2*a = 4*a - 24. Let i = 46 - -457. Suppose -i = 11*u - a*u. Is u a prime number?
True
Let f = 23 - 18. Let g(a) = -1215*a - 3. Let z be g(-2). Is z/f - 6/15 prime?
False
Suppose 4*h - 5*s = 26, 3*h = 4*s + 7 + 12. Let k = -46 - -182. Suppose 0 = n + h - k. Is n a composite number?
False
Let i(v) = -v**3 + 5*v**2 + 2*v - 2. Let z be i(5). Suppose -3*c - 10 = -z*c. Is (-14 + c)*-1 + 2 a composite number?
True
Let s = 247 - -246. Is s a prime number?
False
Let h(d) = 69*d + 27. Let c(f) = 35*f + 14. Let u(b) = -7*c(b) + 3*h(b). Is u(-18) prime?
False
Suppose -3*j = j - 12, 5*l - 4*j = 118. Let y be (-3 - -1 - -9) + 0. Suppose -l = y*c - 8*c. Is c a composite number?
True
Let f = 4562 + -1105. Is f composite?
False
Suppose 28*z - 27*z = 1658. Let u = z - 597. Is u composite?
False
Suppose -3*f = 354 - 3078. Suppose 8*g - f = -l + 9*g, l = -4*g + 923. Is l a prime number?
True
Suppose 0 = 2*k - 3221 + 1019. Suppose d - k = -4*j, 5*d - j + 5*j = 5537. Is d a prime number?
True
Suppose -5*v = 1595 + 3030. Let n be 1311 + 6 + 1 - -2*1. Let q = n + v. Is q a prime number?
False
Suppose 6*h - 2465 = h. Is h a composite number?
True
Let j be 2438/3 + (-10)/15. Is 3/(12/j) - (-1 - -1) composite?
True
Let q(y) = -5 + y**2 - 6 + 43*y - 21*y - 19*y. Is q(-28) a prime number?
False
Suppose -2*p + 36 + 0 = 0. Suppose 3*v = -2*r + 520, -2*r = -v - 236 - 276. Suppose 5*l - p = r. Is l composite?
True
Let h = -909 + 1366. Suppose 5*p - 2*x - 753 = 0, 0 = -2*p - 4*x - 175 + h. Is p a prime number?
True
Let t(g) = 431*g**2 - g - 1. Is t(-1) a prime number?
True
Let y(s) = 4*s**2 - 37 - 4*s**2 + 8*s**2 - 4*s**2 + 2*s. Is y(11) composite?
True
Let j(t) be th